{"id":8933,"date":"2020-06-02T15:55:05","date_gmt":"2020-06-02T13:55:05","guid":{"rendered":"https:\/\/www.krakow.szarytki.pl\/?post_type=portfolio&#038;p=8933"},"modified":"2023-08-22T11:22:34","modified_gmt":"2023-08-22T09:22:34","slug":"wincentynska-mlodziez-maryjna","status":"publish","type":"portfolio","link":"https:\/\/www.krakow.szarytki.pl\/?portfolio=wincentynska-mlodziez-maryjna","title":{"rendered":"SPOTKANIA WMM"},"content":{"rendered":"<div class=\"column one-second mobile-one\"><div class=\"mcb-column-inner\"><\/p>\n<blockquote><p>\u201ePragn\u0119 aby powsta\u0142o Stowarzyszenie Dzieci Maryi. Udziel\u0119 mu licznych \u0142ask\u201d.<\/p>\n<p style=\"text-align: right;\"><i>(Maryja do \u015bw. Katarzyny Labour\u00e9)<\/i><\/p>\n<\/blockquote>\n<p style=\"text-align: left;\"><\/div><\/div>\n\n<div class=\"column one-second mobile-one\"><div class=\"mcb-column-inner\"><\/p>\n<p>Wincenty\u0144ska M\u0142odzie\u017c Maryjna (WMM) to mi\u0119dzynarodowe Stowarzyszenie skupiaj\u0105ce m\u0142odzie\u017c i dzieci. Za\u0142o\u017cone zosta\u0142o na wyra\u017anie \u017cyczenie Naj\u015bwi\u0119tszej Maryi Panny, kt\u00f3re us\u0142ysza\u0142a \u015bw. Katarzyna 18 lipca 1830 roku podczas objawie\u0144 w Pary\u017cu.<\/p>\n<p>Celem Stowarzyszenia jest wychowanie w wierze, szerzenie nabo\u017ce\u0144stwa do Maryi oraz rozwijanie ducha apostolskiego poprzez s\u0142u\u017cenie ubogim.<\/p>\n<p><\/div><\/div>\n\n<p>&nbsp;<\/p>\n","protected":false},"excerpt":{"rendered":"<p>&nbsp;<\/p>\n","protected":false},"author":5,"featured_media":13794,"menu_order":9,"comment_status":"closed","ping_status":"closed","template":"","meta":[],"portfolio-types":[],"class_list":["post-8933","portfolio","type-portfolio","status-publish","has-post-thumbnail","hentry"],"_links":{"self":[{"href":"https:\/\/www.krakow.szarytki.pl\/index.php?rest_route=\/wp\/v2\/portfolio\/8933","targetHints":{"allow":["GET"]}}],"collection":[{"href":"https:\/\/www.krakow.szarytki.pl\/index.php?rest_route=\/wp\/v2\/portfolio"}],"about":[{"href":"https:\/\/www.krakow.szarytki.pl\/index.php?rest_route=\/wp\/v2\/types\/portfolio"}],"author":[{"embeddable":true,"href":"https:\/\/www.krakow.szarytki.pl\/index.php?rest_route=\/wp\/v2\/users\/5"}],"replies":[{"embeddable":true,"href":"https:\/\/www.krakow.szarytki.pl\/index.php?rest_route=%2Fwp%2Fv2%2Fcomments&post=8933"}],"wp:featuredmedia":[{"embeddable":true,"href":"https:\/\/www.krakow.szarytki.pl\/index.php?rest_route=\/wp\/v2\/media\/13794"}],"wp:attachment":[{"href":"https:\/\/www.krakow.szarytki.pl\/index.php?rest_route=%2Fwp%2Fv2%2Fmedia&parent=8933"}],"wp:term":[{"taxonomy":"portfolio-types","embeddable":true,"href":"https:\/\/www.krakow.szarytki.pl\/index.php?rest_route=%2Fwp%2Fv2%2Fportfolio-types&post=8933"}],"curies":[{"name":"wp","href":"https:\/\/api.w.org\/{rel}","templated":true}]}}

<div class="column one-second mobile-one"><div class="mcb-column-inner"></p>
<blockquote><p>„Pragnę aby powstało Stowarzyszenie Dzieci Maryi. Udzielę mu licznych łask”.</p>
<p style="text-align: right;"><i>(Maryja do św. Katarzyny Labouré)</i></p>
</blockquote>
<p style="text-align: left;"></div></div>

<div class="column one-second mobile-one"><div class="mcb-column-inner"></p>
<p>Wincentyńska Młodzież Maryjna (WMM) to międzynarodowe Stowarzyszenie skupiające młodzież i dzieci. Założone zostało na wyraźnie życzenie Najświętszej Maryi Panny, które usłyszała św. Katarzyna 18 lipca 1830 roku podczas objawień w Paryżu.</p>
<p>Celem Stowarzyszenia jest wychowanie w wierze, szerzenie nabożeństwa do Maryi oraz rozwijanie ducha apostolskiego poprzez służenie ubogim.</p>
<p></div></div>

<p>&nbsp;</p>
