{"id":7962,"date":"2020-04-03T14:40:06","date_gmt":"2020-04-03T12:40:06","guid":{"rendered":"http:\/\/www.szarytki.pl\/Test\/?post_type=portfolio&#038;p=7962"},"modified":"2023-08-22T11:25:31","modified_gmt":"2023-08-22T09:25:31","slug":"centra-dla-bezdomnych","status":"publish","type":"portfolio","link":"https:\/\/www.krakow.szarytki.pl\/?portfolio=centra-dla-bezdomnych","title":{"rendered":"CENTRA DLA BEZDOMNYCH"},"content":{"rendered":"<div class=\"column one-second mobile-one\"><div class=\"mcb-column-inner\"><\/p>\n<blockquote><p>\u201eNic nie tracicie, gdy opu\u015bcicie modlitw\u0119 i Msz\u0119 \u015bw. dla s\u0142u\u017cenia Ubogim. S\u0142u\u017cy\u0107 Ubogim, to s\u0142u\u017cy\u0107 Bogu, a wy powinny\u015bcie widzie\u0107 Boga w ich osobie\u201d.\u00a0 \/\u015aw. Wincenty a Paulo\/<\/p><\/blockquote>\n<p><\/div><\/div>\n\n<p><div class=\"column one-second mobile-one\"><div class=\"mcb-column-inner\"> Siostry Mi\u0142osierdzia od blisko 400 lat <span style=\"font-family: Arial, serif;\"><span lang=\"pl-PL\">podejmuj\u0105 rozleg\u0142e dzia\u0142ania na rzecz bezdomnych. Opr\u00f3cz dora\u017anej pomocy prowadzimy kilka dziennych o\u015brodk\u00f3w pomocy be<\/span><\/span>zdomnym:<\/p>\n<ul>\n<li>\u015awietlica Dzienna dla Os\u00f3b Bezdomnych, Krak\u00f3w, ul. Warszawska 8<\/li>\n<li>Centrum \u015bw. Katarzyny, Gorz\u00f3w Wielkopolski, ul. Warszawska 45<\/li>\n<li>Kuchnia dla ubogich oraz punkt charytatywny w Rabce &#8211; wsp\u00f3\u0142praca ze Stowarzyszeniem AIC<\/li>\n<li>Centrum dla bezdomnych w Odessie na Ukrainie &#8211; we wsp\u00f3\u0142pracy z organizacj\u0105 <a href=\"https:\/\/ua.depaulcharity.org\/\">\u201eDePaul\u201d<\/a><\/div><\/div>\n<\/li>\n<\/ul>\n","protected":false},"excerpt":{"rendered":"","protected":false},"author":5,"featured_media":13788,"menu_order":3,"comment_status":"closed","ping_status":"closed","template":"","meta":[],"portfolio-types":[],"class_list":["post-7962","portfolio","type-portfolio","status-publish","has-post-thumbnail","hentry"],"_links":{"self":[{"href":"https:\/\/www.krakow.szarytki.pl\/index.php?rest_route=\/wp\/v2\/portfolio\/7962","targetHints":{"allow":["GET"]}}],"collection":[{"href":"https:\/\/www.krakow.szarytki.pl\/index.php?rest_route=\/wp\/v2\/portfolio"}],"about":[{"href":"https:\/\/www.krakow.szarytki.pl\/index.php?rest_route=\/wp\/v2\/types\/portfolio"}],"author":[{"embeddable":true,"href":"https:\/\/www.krakow.szarytki.pl\/index.php?rest_route=\/wp\/v2\/users\/5"}],"replies":[{"embeddable":true,"href":"https:\/\/www.krakow.szarytki.pl\/index.php?rest_route=%2Fwp%2Fv2%2Fcomments&post=7962"}],"wp:featuredmedia":[{"embeddable":true,"href":"https:\/\/www.krakow.szarytki.pl\/index.php?rest_route=\/wp\/v2\/media\/13788"}],"wp:attachment":[{"href":"https:\/\/www.krakow.szarytki.pl\/index.php?rest_route=%2Fwp%2Fv2%2Fmedia&parent=7962"}],"wp:term":[{"taxonomy":"portfolio-types","embeddable":true,"href":"https:\/\/www.krakow.szarytki.pl\/index.php?rest_route=%2Fwp%2Fv2%2Fportfolio-types&post=7962"}],"curies":[{"name":"wp","href":"https:\/\/api.w.org\/{rel}","templated":true}]}}

<div class="column one-second mobile-one"><div class="mcb-column-inner"></p>
<blockquote><p>„Nic nie tracicie, gdy opuścicie modlitwę i Mszę św. dla służenia Ubogim. Służyć Ubogim, to służyć Bogu, a wy powinnyście widzieć Boga w ich osobie”.  /Św. Wincenty a Paulo/</p></blockquote>
<p></div></div>

<p><div class="column one-second mobile-one"><div class="mcb-column-inner"> Siostry Miłosierdzia od blisko 400 lat <span style="font-family: Arial, serif;"><span lang="pl-PL">podejmują rozległe działania na rzecz bezdomnych. Oprócz doraźnej pomocy prowadzimy kilka dziennych ośrodków pomocy be</span></span>zdomnym:</p>
<ul>
<li>Świetlica Dzienna dla Osób Bezdomnych, Kraków, ul. Warszawska 8</li>
<li>Centrum św. Katarzyny, Gorzów Wielkopolski, ul. Warszawska 45</li>
<li>Kuchnia dla ubogich oraz punkt charytatywny w Rabce &#8211; współpraca ze Stowarzyszeniem AIC</li>
<li>Centrum dla bezdomnych w Odessie na Ukrainie &#8211; we współpracy z organizacją <a href="https://ua.depaulcharity.org/">„DePaul”</a></div></div>
</li>
</ul>
