{"id":7945,"date":"2020-03-31T16:10:29","date_gmt":"2020-03-31T14:10:29","guid":{"rendered":"http:\/\/www.szarytki.pl\/Test\/?post_type=portfolio&#038;p=7945"},"modified":"2023-08-22T11:25:50","modified_gmt":"2023-08-22T09:25:50","slug":"domy-pomocy-spolecznej","status":"publish","type":"portfolio","link":"https:\/\/www.krakow.szarytki.pl\/?portfolio=domy-pomocy-spolecznej","title":{"rendered":"DOMY POMOCY"},"content":{"rendered":"<div class=\"column one-second mobile-one\"><div class=\"mcb-column-inner\">\n<p>W Domach Pomocy Spo\u0142ecznej zamieszkuj\u0105 osoby, kt\u00f3re z r\u00f3\u017cnych przyczyn (choroby, wieku lub niepe\u0142nosprawno\u015bci) nie mog\u0105 pozosta\u0107 w swoim dotychczasowym \u015brodowisku. Znajduj\u0105 tutaj przestrze\u0144 oraz ludzi, kt\u00f3rzy towarzysz\u0105 im i pomagaj\u0105 z mi\u0142o\u015bci\u0105 i szacunkiem.<\/p>\n<p>Nasza prowincja prowadzi:<\/p>\n<ul>\n<li><a href=\"https:\/\/dpsprzeworsk.pl.tl\/\">Dom Pomocy Spo\u0142ecznej dla Doros\u0142ych w Przeworsku<\/a><\/li>\n<li><a href=\"https:\/\/dpstarnow.diecezja.tarnow.pl\/\">Dom Pomocy Spo\u0142ecznej dla Dzieci, M\u0142odzie\u017cy i Doros\u0142ych\u00a0 Niepe\u0142nosprawnych Intelektualnie\u00a0w Tarnowie<\/a><\/div><\/div>\n<\/li>\n<\/ul>\n<div class=\"column one-second mobile-one\"><div class=\"mcb-column-inner\"><\/p>\n<p>Ponadto zgromadzenie od ponad 100 lat podejmuje z zaanga\u017cowaniem pos\u0142ug\u0119 w dw\u00f3ch domach pomocy, kt\u00f3re przed laty fundatorzy powierzyli trosce zgromadzenia. S\u0105 to:<\/p>\n<ul>\n<li>Dom Pomocy Spo\u0142ecznej w Moszczanach<\/li>\n<li>Dom Pomocy Spo\u0142ecznej im. L. i A. Helcl\u00f3w w Krakowie<\/li>\n<\/ul>\n<p><\/div><\/div>\n\n","protected":false},"excerpt":{"rendered":"","protected":false},"author":5,"featured_media":13789,"menu_order":1,"comment_status":"closed","ping_status":"closed","template":"","meta":[],"portfolio-types":[],"class_list":["post-7945","portfolio","type-portfolio","status-publish","has-post-thumbnail","hentry"],"_links":{"self":[{"href":"https:\/\/www.krakow.szarytki.pl\/index.php?rest_route=\/wp\/v2\/portfolio\/7945","targetHints":{"allow":["GET"]}}],"collection":[{"href":"https:\/\/www.krakow.szarytki.pl\/index.php?rest_route=\/wp\/v2\/portfolio"}],"about":[{"href":"https:\/\/www.krakow.szarytki.pl\/index.php?rest_route=\/wp\/v2\/types\/portfolio"}],"author":[{"embeddable":true,"href":"https:\/\/www.krakow.szarytki.pl\/index.php?rest_route=\/wp\/v2\/users\/5"}],"replies":[{"embeddable":true,"href":"https:\/\/www.krakow.szarytki.pl\/index.php?rest_route=%2Fwp%2Fv2%2Fcomments&post=7945"}],"wp:featuredmedia":[{"embeddable":true,"href":"https:\/\/www.krakow.szarytki.pl\/index.php?rest_route=\/wp\/v2\/media\/13789"}],"wp:attachment":[{"href":"https:\/\/www.krakow.szarytki.pl\/index.php?rest_route=%2Fwp%2Fv2%2Fmedia&parent=7945"}],"wp:term":[{"taxonomy":"portfolio-types","embeddable":true,"href":"https:\/\/www.krakow.szarytki.pl\/index.php?rest_route=%2Fwp%2Fv2%2Fportfolio-types&post=7945"}],"curies":[{"name":"wp","href":"https:\/\/api.w.org\/{rel}","templated":true}]}}

<div class="column one-second mobile-one"><div class="mcb-column-inner">
<p>W Domach Pomocy Społecznej zamieszkują osoby, które z różnych przyczyn (choroby, wieku lub niepełnosprawności) nie mogą pozostać w swoim dotychczasowym środowisku. Znajdują tutaj przestrzeń oraz ludzi, którzy towarzyszą im i pomagają z miłością i szacunkiem.</p>
<p>Nasza prowincja prowadzi:</p>
<ul>
<li><a href="https://dpsprzeworsk.pl.tl/">Dom Pomocy Społecznej dla Dorosłych w Przeworsku</a></li>
<li><a href="https://dpstarnow.diecezja.tarnow.pl/">Dom Pomocy Społecznej dla Dzieci, Młodzieży i Dorosłych  Niepełnosprawnych Intelektualnie w Tarnowie</a></div></div>
</li>
</ul>
<div class="column one-second mobile-one"><div class="mcb-column-inner"></p>
<p>Ponadto zgromadzenie od ponad 100 lat podejmuje z zaangażowaniem posługę w dwóch domach pomocy, które przed laty fundatorzy powierzyli trosce zgromadzenia. Są to:</p>
<ul>
<li>Dom Pomocy Społecznej w Moszczanach</li>
<li>Dom Pomocy Społecznej im. L. i A. Helclów w Krakowie</li>
</ul>
<p></div></div>
