{"id":7718,"date":"2020-02-27T22:25:19","date_gmt":"2020-02-27T21:25:19","guid":{"rendered":"http:\/\/www.szarytki.pl\/Test\/?post_type=portfolio&#038;p=7718"},"modified":"2023-08-22T11:26:05","modified_gmt":"2023-08-22T09:26:05","slug":"przedszkola","status":"publish","type":"portfolio","link":"https:\/\/www.krakow.szarytki.pl\/?portfolio=przedszkola","title":{"rendered":"PRZEDSZKOLA"},"content":{"rendered":"<div class=\"column one-second mobile-one\"><div class=\"mcb-column-inner\"><\/p>\n<blockquote><p>\u201eW nauczaniu b\u0119dzie troszczy\u0107 si\u0119 o to, by dzieci poznawa\u0142y tajemnice wiary i dobre obyczaje, by rozr\u00f3\u017cnia\u0142y dobo od z\u0142a. B\u0119dzie to wa\u017cniejsze ni\u017c post\u0119py w czytaniu i uczeniu si\u0119 na pami\u0119\u0107 pewnej liczby tekst\u00f3w\u2026\u201d<\/p><\/blockquote>\n<p>\/<i>\u015bw. Ludwika de Marillac, 1645 \u2013 Obowi\u0105zki siostry nauczycielki, w: \u201eMy\u015bli i notatki\u201d s.108<\/i>\/<\/p>\n<p>&#8222;<\/div><\/div>\n\n<div class=\"column one-second mobile-one\"><div class=\"mcb-column-inner\"> Prowincja prowadzi :<\/p>\n<ul>\n<li><a href=\"http:\/\/www.przedszkolesmkrakow.pl\/\">Przedszkole Si\u00f3str Mi\u0142osierdzia nr 2 w Krakowie<\/a><\/li>\n<li><a href=\"http:\/\/www.przedszkoleszarytki.pl\">Przedszkole \u201eWincenty\u0144skie Dzieci\u201d w Gorzowie Wielkopolskim<\/a><\/li>\n<li><a href=\"https:\/\/przedszkole-sm.pl\">Przedszkole Si\u00f3str Mi\u0142osierdzia w Krzeszowicach<\/a><\/li>\n<li><a href=\"https:\/\/www.facebook.com\/Przedszkole.Siostr.Milosierdzia.Przeworsk\/\">Przedszkole Si\u00f3str Mi\u0142osierdzia w Przeworsku<\/a><\/li>\n<li><a href=\"http:\/\/www.przedszkolesm-rymzdroj.pl\">Przedszkole\u00a0 Si\u00f3str\u00a0 Mi\u0142osierdzia\u00a0 w\u00a0 Rymanowie-Zdroju<\/a><\/li>\n<li>Przedszkole Si\u00f3str Mi\u0142osierdzia w \u015aniatynie (Ukraina)<\/li>\n<\/ul>\n<p><\/div><\/div>\n\n","protected":false},"excerpt":{"rendered":"","protected":false},"author":5,"featured_media":13790,"menu_order":2,"comment_status":"closed","ping_status":"closed","template":"","meta":[],"portfolio-types":[],"class_list":["post-7718","portfolio","type-portfolio","status-publish","has-post-thumbnail","hentry"],"_links":{"self":[{"href":"https:\/\/www.krakow.szarytki.pl\/index.php?rest_route=\/wp\/v2\/portfolio\/7718","targetHints":{"allow":["GET"]}}],"collection":[{"href":"https:\/\/www.krakow.szarytki.pl\/index.php?rest_route=\/wp\/v2\/portfolio"}],"about":[{"href":"https:\/\/www.krakow.szarytki.pl\/index.php?rest_route=\/wp\/v2\/types\/portfolio"}],"author":[{"embeddable":true,"href":"https:\/\/www.krakow.szarytki.pl\/index.php?rest_route=\/wp\/v2\/users\/5"}],"replies":[{"embeddable":true,"href":"https:\/\/www.krakow.szarytki.pl\/index.php?rest_route=%2Fwp%2Fv2%2Fcomments&post=7718"}],"wp:featuredmedia":[{"embeddable":true,"href":"https:\/\/www.krakow.szarytki.pl\/index.php?rest_route=\/wp\/v2\/media\/13790"}],"wp:attachment":[{"href":"https:\/\/www.krakow.szarytki.pl\/index.php?rest_route=%2Fwp%2Fv2%2Fmedia&parent=7718"}],"wp:term":[{"taxonomy":"portfolio-types","embeddable":true,"href":"https:\/\/www.krakow.szarytki.pl\/index.php?rest_route=%2Fwp%2Fv2%2Fportfolio-types&post=7718"}],"curies":[{"name":"wp","href":"https:\/\/api.w.org\/{rel}","templated":true}]}}

<div class="column one-second mobile-one"><div class="mcb-column-inner"></p>
<blockquote><p>„W nauczaniu będzie troszczyć się o to, by dzieci poznawały tajemnice wiary i dobre obyczaje, by rozróżniały dobo od zła. Będzie to ważniejsze niż postępy w czytaniu i uczeniu się na pamięć pewnej liczby tekstów…”</p></blockquote>
<p>/<i>św. Ludwika de Marillac, 1645 – Obowiązki siostry nauczycielki, w: „Myśli i notatki” s.108</i>/</p>
<p>&#8222;</div></div>

<div class="column one-second mobile-one"><div class="mcb-column-inner"> Prowincja prowadzi :</p>
<ul>
<li><a href="http://www.przedszkolesmkrakow.pl/">Przedszkole Sióstr Miłosierdzia nr 2 w Krakowie</a></li>
<li><a href="http://www.przedszkoleszarytki.pl">Przedszkole „Wincentyńskie Dzieci” w Gorzowie Wielkopolskim</a></li>
<li><a href="https://przedszkole-sm.pl">Przedszkole Sióstr Miłosierdzia w Krzeszowicach</a></li>
<li><a href="https://www.facebook.com/Przedszkole.Siostr.Milosierdzia.Przeworsk/">Przedszkole Sióstr Miłosierdzia w Przeworsku</a></li>
<li><a href="http://www.przedszkolesm-rymzdroj.pl">Przedszkole  Sióstr  Miłosierdzia  w  Rymanowie-Zdroju</a></li>
<li>Przedszkole Sióstr Miłosierdzia w Śniatynie (Ukraina)</li>
</ul>
<p></div></div>
