{"id":5635,"date":"2019-03-14T22:09:26","date_gmt":"2019-03-14T21:09:26","guid":{"rendered":"http:\/\/www.krakow.szarytki.pl\/?page_id=5635"},"modified":"2019-03-14T22:09:26","modified_gmt":"2019-03-14T21:09:26","slug":"polichromia-scian","status":"publish","type":"page","link":"https:\/\/www.krakow.szarytki.pl\/?page_id=5635","title":{"rendered":"Polichromia \u015bcian"},"content":{"rendered":"\n<p> <strong>Polichromia absydy<\/strong> zosta\u0142a zaprojektowana w \u015bcis\u0142ym zwi\u0105zku z o\u0142tarzem. Dolne partie \u015bciany maj\u0105 dekoracj\u0119 ornamentaln\u0105, stanowi\u0105c\u0105 t\u0142o o\u0142tarza, uk\u0142ada si\u0119 pasowo, pierwszy pas od posadzki do parapet\u00f3w okien tworz\u0105 motywy stylizowanej lilii, winnego grona, oraz \u017ad\u017abe\u0142 w uk\u0142adzie sieciowym, utrzymane w kolorystyce czerwieni, fioletu i zieleni z elementami z\u0142oce\u0144. Pierwotnie \u015bcian\u0119 w tym miejscu zdobi\u0142 pas dekoracji utworzony z motyw\u00f3w gryf\u00f3w i or\u0142\u00f3w w odcieniu r\u00f3\u017cu. Nast\u0119pny pas pomi\u0119dzy oknami to u\u0142o\u017cone na przemian w romboidalnych polach na \u017c\u00f3\u0142tym tle symbole maryjne &#8211; lilia, inicja\u0142 \u201eM\u201d i korona- kolejno w czerwonym i zielonym kolorze.<\/p>\n\n\n\n<div class=\"wp-block-image\"><figure class=\"aligncenter\"><img decoding=\"async\" src=\"https:\/\/www.krakow.szarytki.pl\/wp-content\/uploads\/2019\/03\/DSC_5575.jpg\" alt=\"\" class=\"wp-image-5636\"\/><figcaption>COPYRIGHT BY JAKUB SLIWA<\/figcaption><\/figure><\/div>\n\n\n\n<p><strong>Polichromia transeptu <\/strong>powtarza uk\u0142ad dekoracji \u015bcian nawy. Dodatkowo na \u015bcianach zachodnich ramion transeptu namalowano herby: biskupi &#8211; Ogo\u0144czyk \u2013 Ludwika \u0141\u0119towskiego i Antoniacci &#8211; abpa Mariano Falcinelli Antoniacciego.<\/p>\n\n\n\n<ul class=\"wp-block-gallery columns-2 is-cropped wp-block-gallery-1 is-layout-flex wp-block-gallery-is-layout-flex\"><li class=\"blocks-gallery-item\"><figure><img decoding=\"async\" src=\"https:\/\/www.krakow.szarytki.pl\/wp-content\/uploads\/2019\/03\/DSC_0218.jpg\" alt=\"\" data-id=\"5638\" data-link=\"https:\/\/www.krakow.szarytki.pl\/?attachment_id=5638\" class=\"wp-image-5638\"\/><\/figure><\/li><li class=\"blocks-gallery-item\"><figure><img decoding=\"async\" src=\"https:\/\/www.krakow.szarytki.pl\/wp-content\/uploads\/2019\/03\/DSC_0169.jpg\" alt=\"\" data-id=\"5637\" data-link=\"https:\/\/www.krakow.szarytki.pl\/?attachment_id=5637\" class=\"wp-image-5637\"\/><\/figure><\/li><\/ul>\n\n\n\n<p> <strong>Dekoracja ornamentalna wn\u0119trza<\/strong> odznacza si\u0119 bogactwem motyw\u00f3w i wariant\u00f3w uk\u0142adu. Elementy architektoniczne: p\u00f3\u0142kolumny, profile arkad, gurty, \u017cebra sklepienne zosta\u0142y pokryte polichromi\u0105 o repertuarze ornament\u00f3w neoroma\u0144skich. Filary przy\u015bcienne, profile arkad oraz podstawy \u017ceber sklepiennych i gurt\u00f3w udekorowano pasami u\u0142o\u017conymi z poziomych prostok\u0105t\u00f3w na przemian: oliwkowo-szarych i bia\u0142ych. P\u00f3\u0142kolumny na\u0142o\u017cone na czo\u0142a filar\u00f3w w nawie, transepcie i prezbiterium zdobione s\u0105 pasami, rombami i zygzakami, w niekt\u00f3rych miejscach wzbogaconymi o zgeometryzowany ornament ro\u015blinny. Pozosta\u0142e pary p\u00f3\u0142kolumn przystawionych do filar\u00f3w oraz p\u00f3\u0142kolumny naro\u017cne w nawie i transepcie pokryte s\u0105 motywami schodkowymi. Dekoracja p\u00f3\u0142kolumn utrzymana jest w ciep\u0142ej kolorystyce, z przewag\u0105 ugr\u00f3w, \u017c\u00f3\u0142cieni, czerwieni i sjeny. W niekt\u00f3re miejsca wprowadzony jest jasny b\u0142\u0119kit przechodz\u0105cy we fiolet lub ciemny b\u0142\u0119kit o odcieniu grafitowym. Pola kapiteli wype\u0142nia wi\u0107 ro\u015blinna i motyw stylizowanego li\u015bcia akantu. Ornament jest bia\u0142y, a pola na przemian b\u0142\u0119kitne i czerwone. Ramy p\u00f3l i abakusy s\u0105 poz\u0142acane. W zdobieniu gurt\u00f3w i \u017ceber przewa\u017caj\u0105 diagonalne i u\u0142o\u017cone w jode\u0142k\u0119 czerwono-b\u0142\u0119kitno-bia\u0142e pasy oraz inne motywy geometryczne w kolorze czerwono-b\u0142\u0119kitno-\u017c\u00f3\u0142tym. Ka\u017cde \u017cebro zosta\u0142o podkre\u015blone biegn\u0105cym wzd\u0142u\u017c niego na sklepieniu pasem o \u017c\u00f3\u0142tym tle. W ka\u017cdej arkadzie, na ca\u0142ej d\u0142ugo\u015bci pod\u0142ucza, wyst\u0119puje ornament ci\u0105g\u0142y zbudowany z motywu bia\u0142ego kwiatu na b\u0142\u0119kitnym tle z elementami z\u0142ocenia.<\/p>\n\n\n\n<ul class=\"wp-block-gallery columns-3 is-cropped wp-block-gallery-2 is-layout-flex wp-block-gallery-is-layout-flex\"><li class=\"blocks-gallery-item\"><figure><img decoding=\"async\" src=\"https:\/\/www.krakow.szarytki.pl\/wp-content\/uploads\/2019\/03\/DSC_5537.jpg\" alt=\"\" data-id=\"5641\" data-link=\"https:\/\/www.krakow.szarytki.pl\/?attachment_id=5641\" class=\"wp-image-5641\"\/><figcaption><em>COPYRIGHT BY JAKUB SLIWA<\/em><\/figcaption><\/figure><\/li><li class=\"blocks-gallery-item\"><figure><img decoding=\"async\" src=\"https:\/\/www.krakow.szarytki.pl\/wp-content\/uploads\/2019\/03\/DSC_0356.jpg\" alt=\"\" data-id=\"5639\" data-link=\"https:\/\/www.krakow.szarytki.pl\/?attachment_id=5639\" class=\"wp-image-5639\"\/><figcaption>COPYRIGHT BY JAKUB SLIWA<\/figcaption><\/figure><\/li><li class=\"blocks-gallery-item\"><figure><img decoding=\"async\" src=\"https:\/\/www.krakow.szarytki.pl\/wp-content\/uploads\/2019\/03\/DSC_0464.jpg\" alt=\"\" data-id=\"5640\" data-link=\"https:\/\/www.krakow.szarytki.pl\/?attachment_id=5640\" class=\"wp-image-5640\"\/><figcaption>COPYRIGHT BY JAKUB SLIWA<\/figcaption><\/figure><\/li><\/ul>\n","protected":false},"excerpt":{"rendered":"<p>Polichromia absydy zosta\u0142a zaprojektowana w \u015bcis\u0142ym zwi\u0105zku z o\u0142tarzem. Dolne partie \u015bciany maj\u0105 dekoracj\u0119 ornamentaln\u0105, stanowi\u0105c\u0105 t\u0142o o\u0142tarza, uk\u0142ada si\u0119 pasowo, pierwszy pas od posadzki do<span class=\"excerpt-hellip\"> [\u2026]<\/span><\/p>\n","protected":false},"author":5,"featured_media":0,"parent":0,"menu_order":0,"comment_status":"closed","ping_status":"closed","template":"","meta":{"footnotes":""},"class_list":["post-5635","page","type-page","status-publish","hentry"],"_links":{"self":[{"href":"https:\/\/www.krakow.szarytki.pl\/index.php?rest_route=\/wp\/v2\/pages\/5635","targetHints":{"allow":["GET"]}}],"collection":[{"href":"https:\/\/www.krakow.szarytki.pl\/index.php?rest_route=\/wp\/v2\/pages"}],"about":[{"href":"https:\/\/www.krakow.szarytki.pl\/index.php?rest_route=\/wp\/v2\/types\/page"}],"author":[{"embeddable":true,"href":"https:\/\/www.krakow.szarytki.pl\/index.php?rest_route=\/wp\/v2\/users\/5"}],"replies":[{"embeddable":true,"href":"https:\/\/www.krakow.szarytki.pl\/index.php?rest_route=%2Fwp%2Fv2%2Fcomments&post=5635"}],"version-history":[{"count":0,"href":"https:\/\/www.krakow.szarytki.pl\/index.php?rest_route=\/wp\/v2\/pages\/5635\/revisions"}],"wp:attachment":[{"href":"https:\/\/www.krakow.szarytki.pl\/index.php?rest_route=%2Fwp%2Fv2%2Fmedia&parent=5635"}],"curies":[{"name":"wp","href":"https:\/\/api.w.org\/{rel}","templated":true}]}}

Polichromia ścian

<p> <strong>Polichromia absydy</strong> została zaprojektowana w ścisłym związku z ołtarzem. Dolne partie ściany mają dekorację ornamentalną, stanowiącą tło ołtarza, układa się pasowo, pierwszy pas od posadzki do parapetów okien tworzą motywy stylizowanej lilii, winnego grona, oraz źdźbeł w układzie sieciowym, utrzymane w kolorystyce czerwieni, fioletu i zieleni z elementami złoceń. Pierwotnie ścianę w tym miejscu zdobił pas dekoracji utworzony z motywów gryfów i orłów w odcieniu różu. Następny pas pomiędzy oknami to ułożone na przemian w romboidalnych polach na żółtym tle symbole maryjne &#8211; lilia, inicjał „M” i korona- kolejno w czerwonym i zielonym kolorze.</p>



<div class="wp-block-image"><figure class="aligncenter"><img decoding="async" src="https://www.krakow.szarytki.pl/wp-content/uploads/2019/03/DSC_5575.jpg" alt="" class="wp-image-5636"/><figcaption>COPYRIGHT BY JAKUB SLIWA</figcaption></figure></div>



<p><strong>Polichromia transeptu </strong>powtarza układ dekoracji ścian nawy. Dodatkowo na ścianach zachodnich ramion transeptu namalowano herby: biskupi &#8211; Ogończyk – Ludwika Łętowskiego i Antoniacci &#8211; abpa Mariano Falcinelli Antoniacciego.</p>



<ul class="wp-block-gallery columns-2 is-cropped wp-block-gallery-1 is-layout-flex wp-block-gallery-is-layout-flex"><li class="blocks-gallery-item"><figure><img decoding="async" src="https://www.krakow.szarytki.pl/wp-content/uploads/2019/03/DSC_0218.jpg" alt="" data-id="5638" data-link="https://www.krakow.szarytki.pl/?attachment_id=5638" class="wp-image-5638"/></figure></li><li class="blocks-gallery-item"><figure><img decoding="async" src="https://www.krakow.szarytki.pl/wp-content/uploads/2019/03/DSC_0169.jpg" alt="" data-id="5637" data-link="https://www.krakow.szarytki.pl/?attachment_id=5637" class="wp-image-5637"/></figure></li></ul>



<p> <strong>Dekoracja ornamentalna wnętrza</strong> odznacza się bogactwem motywów i wariantów układu. Elementy architektoniczne: półkolumny, profile arkad, gurty, żebra sklepienne zostały pokryte polichromią o repertuarze ornamentów neoromańskich. Filary przyścienne, profile arkad oraz podstawy żeber sklepiennych i gurtów udekorowano pasami ułożonymi z poziomych prostokątów na przemian: oliwkowo-szarych i białych. Półkolumny nałożone na czoła filarów w nawie, transepcie i prezbiterium zdobione są pasami, rombami i zygzakami, w niektórych miejscach wzbogaconymi o zgeometryzowany ornament roślinny. Pozostałe pary półkolumn przystawionych do filarów oraz półkolumny narożne w nawie i transepcie pokryte są motywami schodkowymi. Dekoracja półkolumn utrzymana jest w ciepłej kolorystyce, z przewagą ugrów, żółcieni, czerwieni i sjeny. W niektóre miejsca wprowadzony jest jasny błękit przechodzący we fiolet lub ciemny błękit o odcieniu grafitowym. Pola kapiteli wypełnia wić roślinna i motyw stylizowanego liścia akantu. Ornament jest biały, a pola na przemian błękitne i czerwone. Ramy pól i abakusy są pozłacane. W zdobieniu gurtów i żeber przeważają diagonalne i ułożone w jodełkę czerwono-błękitno-białe pasy oraz inne motywy geometryczne w kolorze czerwono-błękitno-żółtym. Każde żebro zostało podkreślone biegnącym wzdłuż niego na sklepieniu pasem o żółtym tle. W każdej arkadzie, na całej długości podłucza, występuje ornament ciągły zbudowany z motywu białego kwiatu na błękitnym tle z elementami złocenia.</p>



<ul class="wp-block-gallery columns-3 is-cropped wp-block-gallery-2 is-layout-flex wp-block-gallery-is-layout-flex"><li class="blocks-gallery-item"><figure><img decoding="async" src="https://www.krakow.szarytki.pl/wp-content/uploads/2019/03/DSC_5537.jpg" alt="" data-id="5641" data-link="https://www.krakow.szarytki.pl/?attachment_id=5641" class="wp-image-5641"/><figcaption><em>COPYRIGHT BY JAKUB SLIWA</em></figcaption></figure></li><li class="blocks-gallery-item"><figure><img decoding="async" src="https://www.krakow.szarytki.pl/wp-content/uploads/2019/03/DSC_0356.jpg" alt="" data-id="5639" data-link="https://www.krakow.szarytki.pl/?attachment_id=5639" class="wp-image-5639"/><figcaption>COPYRIGHT BY JAKUB SLIWA</figcaption></figure></li><li class="blocks-gallery-item"><figure><img decoding="async" src="https://www.krakow.szarytki.pl/wp-content/uploads/2019/03/DSC_0464.jpg" alt="" data-id="5640" data-link="https://www.krakow.szarytki.pl/?attachment_id=5640" class="wp-image-5640"/><figcaption>COPYRIGHT BY JAKUB SLIWA</figcaption></figure></li></ul>

<p>Polichromia absydy została zaprojektowana w ścisłym związku z ołtarzem. Dolne partie ściany mają dekorację ornamentalną, stanowiącą tło ołtarza, układa się pasowo, pierwszy pas od posadzki do<span class="excerpt-hellip"> […]</span></p>
