{"id":5608,"date":"2019-03-13T20:45:03","date_gmt":"2019-03-13T19:45:03","guid":{"rendered":"http:\/\/www.krakow.szarytki.pl\/?page_id=5608"},"modified":"2019-03-13T20:45:03","modified_gmt":"2019-03-13T19:45:03","slug":"poswiecenie-kosciola","status":"publish","type":"page","link":"https:\/\/www.krakow.szarytki.pl\/?page_id=5608","title":{"rendered":"Po\u015bwi\u0119cenie ko\u015bcio\u0142a"},"content":{"rendered":"\n<p><em> \u201ePo\u015bwi\u0119cenie nowego ko\u015bcio\u0142a i oddanie go pod opiek\u0119 Naj\u015bwi\u0119tszego Serca Pana Jezusa odby\u0142o si\u0119 17 wrze\u015bnia 1871 r. w uroczysto\u015b\u0107 Matki Bo\u017cej Bolesnej. Nuncjuszowi (abp Marian Falcinelli) asystowali ksi\u0119\u017ca kanonicy Golian i Dunajewski. W przepe\u0142nionej \u015bwi\u0105tyni nie brak\u0142o ubogich. Dla stu najubo\u017cszych, siostry mi\u0142osierdzia swym kosztem przygotowa\u0142y \u015bwi\u0105teczny obiad. Ca\u0142a dzielnica bra\u0142a \u017cywy udzia\u0142 w obchodzie i uwa\u017ca\u0142a ten dzie\u0144 za \u015bwi\u0119to. Wieczorem wszystkie okna ubogich jej domk\u00f3w zaja\u015bnia\u0142y \u015bwieczkami i lampkami, aby iluminacj\u0105 dope\u0142ni\u0107 miary radosnego nastroju. Domy si\u00f3str mi\u0142osierdzia i ksi\u0119\u017cy misjonarzy <\/em>[u misjonarzy zamieszka\u0142 nuncjusz] <em>r\u00f3wnie\u017c by\u0142y o\u015bwietlone i zdobi\u0142y je transparenty \u015bwietlne. U si\u00f3str mi\u0142osierdzia widnia\u0142 obraz Serca Pana Jezusa z herbami ojca \u015bwi\u0119tego. U ksi\u0119\u017cy misjonarzy wystawiono portret ojca \u015bwi\u0119tego Piusa IX wykonany przez Jab\u0142o\u0144skiego. O\u015bwietlono te\u017c rz\u0119si\u015bcie wie\u017ce ko\u015bcio\u0142\u00f3w kleparskich, mianowicie nowego ko\u015bcio\u0142a Serca Pana Jezusa i obie wie\u017ce ko\u015bcio\u0142a \u015bw Floriana. Wspaniale iluminowany by\u0142 ogr\u00f3d ksi\u0119\u017cy misjonarzy: gazony, krzewy i drzewa ozdobione by\u0142y kolorowymi lampionami; kapliczki \u015bw. Wincentego i \u015bw. J\u00f3zefa a nade wszystko figura Naj\u015bwi\u0119tszej Panny ton\u0119\u0142y w kwieciu i w \u015bwietle. W\u015br\u00f3d tego wszystkiego sta\u0142y szeregiem Dzieci Maryi ucz\u0119szczaj\u0105ce na katechizm do ksi\u0119\u017cy misjonarzy i ka\u017cda trzyma\u0142a w r\u0119ku p\u0142on\u0105c\u0105 pochodni\u0119. Za zbli\u017ceniem si\u0119 ksi\u0119dza nuncjusza wznios\u0142y okrzyki: <\/em>\u201e <em>Niech \u017cyje Pius IX, niech \u017cyje Jego Ekscelencja\u201d.<\/em> <em>Dzie\u0144 18 wrze\u015bnia po\u015bwi\u0119ci\u0142 nuncjusz prawie ca\u0142kowicie domowi centralnemu si\u00f3str mi\u0142osierdzia, pocz\u0105wszy od pontyfikalnej Mszy \u015bwi\u0119tej o godz. 8-ej, do kt\u00f3rej asystowali mu ks. Golian i ks. Dunajewski, a mistrzem ceremonii by\u0142 sekretarz nuncjatury ks. Mocenni. D\u0142u\u017cszy czas przep\u0119dzi\u0142 w\u015br\u00f3d sierot i dzieci z ochronki rozdaj\u0105c im drobne pami\u0105tki i medaliki. R\u00f3wnie\u017c 19 wrze\u015bnia nuncjusz odprawi\u0142 Msz\u0119 \u015bwi\u0119t\u0105 <\/em>w <em>ko\u015bciele domu centralnego, potem odwiedzi\u0142 klasztor si\u00f3str karmelitanek na Weso\u0142ej i szpital \u015bw. \u0141azarza. Nast\u0119pnego dnia po Mszy \u015bwi\u0119tej u si\u00f3str mi\u0142osierdzia i wizycie na plebani kolegiaty \u015bw. Floriana uda\u0142 si\u0119 nuncjusz do ochronki na Krowodrzy, a nast\u0119pnie do ksi\u0119\u017cy misjonarzy na Stradom. Dnia 21 wrze\u015bnia opu\u015bci\u0142 Krak\u00f3w \u017cegnany z \u017calem i honorami nale\u017cnymi przedstawicielowi ojca \u015bwi\u0119tego. Ks. Piotr Soubieille towarzyszy\u0142 mu w drodze do O\u015bwi\u0119cimia\u201d. <\/em><strong><em><br> <\/em><\/strong><\/p>\n\n\n\n<div class=\"wp-block-image\"><figure class=\"aligncenter\"><img decoding=\"async\" src=\"https:\/\/www.krakow.szarytki.pl\/wp-content\/uploads\/2019\/03\/Kleparz.jpg\" alt=\"\" class=\"wp-image-5626\"\/><\/figure><\/div>\n\n\n\n<div class=\"wp-block-image\"><figure class=\"aligncenter is-resized\"><img loading=\"lazy\" decoding=\"async\" src=\"https:\/\/www.krakow.szarytki.pl\/wp-content\/uploads\/2019\/03\/sw.Florian.jpg\" alt=\"\" class=\"wp-image-5627\" width=\"660\" height=\"384\"\/><figcaption>Ko\u015bci\u00f3\u0142 \u015bw. Floriana<\/figcaption><\/figure><\/div>\n","protected":false},"excerpt":{"rendered":"<p>\u201ePo\u015bwi\u0119cenie nowego ko\u015bcio\u0142a i oddanie go pod opiek\u0119 Naj\u015bwi\u0119tszego Serca Pana Jezusa odby\u0142o si\u0119 17 wrze\u015bnia 1871 r. w uroczysto\u015b\u0107 Matki Bo\u017cej Bolesnej. Nuncjuszowi (abp Marian<span class=\"excerpt-hellip\"> [\u2026]<\/span><\/p>\n","protected":false},"author":5,"featured_media":0,"parent":0,"menu_order":0,"comment_status":"closed","ping_status":"closed","template":"","meta":{"footnotes":""},"class_list":["post-5608","page","type-page","status-publish","hentry"],"_links":{"self":[{"href":"https:\/\/www.krakow.szarytki.pl\/index.php?rest_route=\/wp\/v2\/pages\/5608","targetHints":{"allow":["GET"]}}],"collection":[{"href":"https:\/\/www.krakow.szarytki.pl\/index.php?rest_route=\/wp\/v2\/pages"}],"about":[{"href":"https:\/\/www.krakow.szarytki.pl\/index.php?rest_route=\/wp\/v2\/types\/page"}],"author":[{"embeddable":true,"href":"https:\/\/www.krakow.szarytki.pl\/index.php?rest_route=\/wp\/v2\/users\/5"}],"replies":[{"embeddable":true,"href":"https:\/\/www.krakow.szarytki.pl\/index.php?rest_route=%2Fwp%2Fv2%2Fcomments&post=5608"}],"version-history":[{"count":0,"href":"https:\/\/www.krakow.szarytki.pl\/index.php?rest_route=\/wp\/v2\/pages\/5608\/revisions"}],"wp:attachment":[{"href":"https:\/\/www.krakow.szarytki.pl\/index.php?rest_route=%2Fwp%2Fv2%2Fmedia&parent=5608"}],"curies":[{"name":"wp","href":"https:\/\/api.w.org\/{rel}","templated":true}]}}

Poświęcenie kościoła

<p><em> „Poświęcenie nowego kościoła i oddanie go pod opiekę Najświętszego Serca Pana Jezusa odbyło się 17 września 1871 r. w uroczystość Matki Bożej Bolesnej. Nuncjuszowi (abp Marian Falcinelli) asystowali księża kanonicy Golian i Dunajewski. W przepełnionej świątyni nie brakło ubogich. Dla stu najuboższych, siostry miłosierdzia swym kosztem przygotowały świąteczny obiad. Cała dzielnica brała żywy udział w obchodzie i uważała ten dzień za święto. Wieczorem wszystkie okna ubogich jej domków zajaśniały świeczkami i lampkami, aby iluminacją dopełnić miary radosnego nastroju. Domy sióstr miłosierdzia i księży misjonarzy </em>[u misjonarzy zamieszkał nuncjusz] <em>również były oświetlone i zdobiły je transparenty świetlne. U sióstr miłosierdzia widniał obraz Serca Pana Jezusa z herbami ojca świętego. U księży misjonarzy wystawiono portret ojca świętego Piusa IX wykonany przez Jabłońskiego. Oświetlono też rzęsiście wieże kościołów kleparskich, mianowicie nowego kościoła Serca Pana Jezusa i obie wieże kościoła św Floriana. Wspaniale iluminowany był ogród księży misjonarzy: gazony, krzewy i drzewa ozdobione były kolorowymi lampionami; kapliczki św. Wincentego i św. Józefa a nade wszystko figura Najświętszej Panny tonęły w kwieciu i w świetle. Wśród tego wszystkiego stały szeregiem Dzieci Maryi uczęszczające na katechizm do księży misjonarzy i każda trzymała w ręku płonącą pochodnię. Za zbliżeniem się księdza nuncjusza wzniosły okrzyki: </em>„ <em>Niech żyje Pius IX, niech żyje Jego Ekscelencja”.</em> <em>Dzień 18 września poświęcił nuncjusz prawie całkowicie domowi centralnemu sióstr miłosierdzia, począwszy od pontyfikalnej Mszy świętej o godz. 8-ej, do której asystowali mu ks. Golian i ks. Dunajewski, a mistrzem ceremonii był sekretarz nuncjatury ks. Mocenni. Dłuższy czas przepędził wśród sierot i dzieci z ochronki rozdając im drobne pamiątki i medaliki. Również 19 września nuncjusz odprawił Mszę świętą </em>w <em>kościele domu centralnego, potem odwiedził klasztor sióstr karmelitanek na Wesołej i szpital św. Łazarza. Następnego dnia po Mszy świętej u sióstr miłosierdzia i wizycie na plebani kolegiaty św. Floriana udał się nuncjusz do ochronki na Krowodrzy, a następnie do księży misjonarzy na Stradom. Dnia 21 września opuścił Kraków żegnany z żalem i honorami należnymi przedstawicielowi ojca świętego. Ks. Piotr Soubieille towarzyszył mu w drodze do Oświęcimia”. </em><strong><em><br> </em></strong></p>



<div class="wp-block-image"><figure class="aligncenter"><img decoding="async" src="https://www.krakow.szarytki.pl/wp-content/uploads/2019/03/Kleparz.jpg" alt="" class="wp-image-5626"/></figure></div>



<div class="wp-block-image"><figure class="aligncenter is-resized"><img loading="lazy" decoding="async" src="https://www.krakow.szarytki.pl/wp-content/uploads/2019/03/sw.Florian.jpg" alt="" class="wp-image-5627" width="660" height="384"/><figcaption>Kościół św. Floriana</figcaption></figure></div>

<p>„Poświęcenie nowego kościoła i oddanie go pod opiekę Najświętszego Serca Pana Jezusa odbyło się 17 września 1871 r. w uroczystość Matki Bożej Bolesnej. Nuncjuszowi (abp Marian<span class="excerpt-hellip"> […]</span></p>
