{"id":5559,"date":"2019-03-13T14:55:04","date_gmt":"2019-03-13T13:55:04","guid":{"rendered":"http:\/\/www.krakow.szarytki.pl\/?page_id=5559"},"modified":"2019-03-13T14:55:04","modified_gmt":"2019-03-13T13:55:04","slug":"polichromia-apostolowie","status":"publish","type":"page","link":"https:\/\/www.krakow.szarytki.pl\/?page_id=5559","title":{"rendered":"Polichromia &#8211; Aposto\u0142owie"},"content":{"rendered":"\n<div class=\"wp-block-media-text alignwide has-media-on-the-right\"><figure class=\"wp-block-media-text__media\"><img decoding=\"async\" src=\"https:\/\/www.krakow.szarytki.pl\/wp-content\/uploads\/2019\/03\/DSC_0504.jpg\" alt=\"\" class=\"wp-image-5561\"\/><\/figure><div class=\"wp-block-media-text__content\">\n<p>W nawie ko\u015bcio\u0142a przedstawienia figuralne wyst\u0119puj\u0105 jedynie na polach sklepie\u0144 i na \u015bcianie wschodniej, ponad arkadami ch\u00f3ru muzycznego. \u0141\u0105cznie w polach sklepiennych prz\u0119s\u0142a \u015brodkowego transeptu i w dw\u00f3ch prz\u0119s\u0142ach nawy, znajduje si\u0119 12 medalion\u00f3w z popiersiami \u015bwi\u0119tych aposto\u0142\u00f3w. Ka\u017cdy medalion ma form\u0119 kolist\u0105 i obwiedziony jest potr\u00f3jnym konturem w kolorze czerwonym, niebieskim i \u017c\u00f3\u0142tym, a na zewn\u0105trz otoczony jest dodatkowo ornamentalnym, poz\u0142acanym wie\u0144cem. \u017b\u00f3\u0142te pola medalion\u00f3w wype\u0142niaj\u0105 z\u0142ote krzy\u017cyki. W prz\u0119\u015ble transeptu namalowano: \u015bw. Bart\u0142omieja, \u015bw. Tomasza, \u015bw. Jana, \u015bw. Andrzeja, w prz\u0119s\u0142ach nawy kolejno od zachodu umieszczono wizerunki: \u015bw. Judy Tadeusza, \u015bw. Flipa, \u015bw. Mateusza, \u015bw. Jakuba Starszego, \u015bw. Jakuba M\u0142odszego, \u015bw. Macieja, \u015bw. Paw\u0142a, \u015bw. Szymona. Posta\u0107 \u015bw. Piotra, uj\u0119ta w \u00be zosta\u0142a namalowana na \u015bcianie wschodniej ponad \u0142ukami arkad ch\u00f3ru muzycznego. Postacie aposto\u0142\u00f3w charakteryzuj\u0105 si\u0119 wyra\u017anym modelunkiem \u015bwiat\u0142ocieniowym twarzy, d\u0142oni i draperii szat. Karnacje powsta\u0142y z zestawienia ostrych plam o intensywnych barwach: zieleni malachitowej, r\u00f3\u017cu i \u017c\u00f3\u0142cieni. W\u0142osy, atrybuty i niekt\u00f3re fragmenty szat posiadaj\u0105 wyra\u017anie kontury. G\u0142owy Aposto\u0142\u00f3w w medalionach na sklepieniu i nad ch\u00f3rem malowa\u0142 Fryderyk Staudynger.<\/p>\n<\/div><\/div>\n\n\n<p>[foogallery id=&#8221;5564&#8243;]<\/p>\n","protected":false},"excerpt":{"rendered":"<p>W nawie ko\u015bcio\u0142a przedstawienia figuralne wyst\u0119puj\u0105 jedynie na polach sklepie\u0144 i na \u015bcianie wschodniej, ponad arkadami ch\u00f3ru muzycznego. \u0141\u0105cznie w polach sklepiennych prz\u0119s\u0142a \u015brodkowego transeptu i<span class=\"excerpt-hellip\"> [\u2026]<\/span><\/p>\n","protected":false},"author":5,"featured_media":0,"parent":0,"menu_order":0,"comment_status":"closed","ping_status":"closed","template":"","meta":{"footnotes":""},"class_list":["post-5559","page","type-page","status-publish","hentry"],"_links":{"self":[{"href":"https:\/\/www.krakow.szarytki.pl\/index.php?rest_route=\/wp\/v2\/pages\/5559","targetHints":{"allow":["GET"]}}],"collection":[{"href":"https:\/\/www.krakow.szarytki.pl\/index.php?rest_route=\/wp\/v2\/pages"}],"about":[{"href":"https:\/\/www.krakow.szarytki.pl\/index.php?rest_route=\/wp\/v2\/types\/page"}],"author":[{"embeddable":true,"href":"https:\/\/www.krakow.szarytki.pl\/index.php?rest_route=\/wp\/v2\/users\/5"}],"replies":[{"embeddable":true,"href":"https:\/\/www.krakow.szarytki.pl\/index.php?rest_route=%2Fwp%2Fv2%2Fcomments&post=5559"}],"version-history":[{"count":0,"href":"https:\/\/www.krakow.szarytki.pl\/index.php?rest_route=\/wp\/v2\/pages\/5559\/revisions"}],"wp:attachment":[{"href":"https:\/\/www.krakow.szarytki.pl\/index.php?rest_route=%2Fwp%2Fv2%2Fmedia&parent=5559"}],"curies":[{"name":"wp","href":"https:\/\/api.w.org\/{rel}","templated":true}]}}

Polichromia &#8211; Apostołowie

<div class="wp-block-media-text alignwide has-media-on-the-right"><figure class="wp-block-media-text__media"><img decoding="async" src="https://www.krakow.szarytki.pl/wp-content/uploads/2019/03/DSC_0504.jpg" alt="" class="wp-image-5561"/></figure><div class="wp-block-media-text__content">
<p>W nawie kościoła przedstawienia figuralne występują jedynie na polach sklepień i na ścianie wschodniej, ponad arkadami chóru muzycznego. Łącznie w polach sklepiennych przęsła środkowego transeptu i w dwóch przęsłach nawy, znajduje się 12 medalionów z popiersiami świętych apostołów. Każdy medalion ma formę kolistą i obwiedziony jest potrójnym konturem w kolorze czerwonym, niebieskim i żółtym, a na zewnątrz otoczony jest dodatkowo ornamentalnym, pozłacanym wieńcem. Żółte pola medalionów wypełniają złote krzyżyki. W przęśle transeptu namalowano: św. Bartłomieja, św. Tomasza, św. Jana, św. Andrzeja, w przęsłach nawy kolejno od zachodu umieszczono wizerunki: św. Judy Tadeusza, św. Flipa, św. Mateusza, św. Jakuba Starszego, św. Jakuba Młodszego, św. Macieja, św. Pawła, św. Szymona. Postać św. Piotra, ujęta w ¾ została namalowana na ścianie wschodniej ponad łukami arkad chóru muzycznego. Postacie apostołów charakteryzują się wyraźnym modelunkiem światłocieniowym twarzy, dłoni i draperii szat. Karnacje powstały z zestawienia ostrych plam o intensywnych barwach: zieleni malachitowej, różu i żółcieni. Włosy, atrybuty i niektóre fragmenty szat posiadają wyraźnie kontury. Głowy Apostołów w medalionach na sklepieniu i nad chórem malował Fryderyk Staudynger.</p>
</div></div>


<p>[foogallery id=&#8221;5564&#8243;]</p>

<p>W nawie kościoła przedstawienia figuralne występują jedynie na polach sklepień i na ścianie wschodniej, ponad arkadami chóru muzycznego. Łącznie w polach sklepiennych przęsła środkowego transeptu i<span class="excerpt-hellip"> […]</span></p>
