{"id":5541,"date":"2019-03-13T11:53:41","date_gmt":"2019-03-13T10:53:41","guid":{"rendered":"http:\/\/www.krakow.szarytki.pl\/?page_id=5541"},"modified":"2019-03-13T11:53:41","modified_gmt":"2019-03-13T10:53:41","slug":"polichromia-ojcowie-kosciola","status":"publish","type":"page","link":"https:\/\/www.krakow.szarytki.pl\/?page_id=5541","title":{"rendered":"Polichromia &#8211; Ojcowie Ko\u015bcio\u0142a"},"content":{"rendered":"\n<div class=\"wp-block-media-text alignwide\"><figure class=\"wp-block-media-text__media\"><img decoding=\"async\" src=\"https:\/\/www.krakow.szarytki.pl\/wp-content\/uploads\/2019\/03\/DSC_5518.jpg\" alt=\"\" class=\"wp-image-5542\"\/><\/figure><div class=\"wp-block-media-text__content\">\n<p><strong>W polach sklepienia prezbiterium <\/strong>wok\u00f3\u0142\n poz\u0142oconego zwornika przedstawiono w medalionach czterech Ojc\u00f3w \nKo\u015bcio\u0142a: Augustyna, Hieronima, Grzegorza Wielkiego i Ambro\u017cego. \nNajwy\u017cszy pas dekoracyjny \u015bciany absydy, utworzony z symboli maryjnych, \nwyko\u0144czono u samej g\u00f3ry fryzem o zgeometryzowanej wici ro\u015blinnej. Fryz \nbiegnie wzd\u0142u\u017c  tego pasa i przechodzi ponad \u0142ukami okien.<\/p>\n<\/div><\/div>\n\n\n\n<p> <br><\/p>\n\n\n\n<figure class=\"wp-block-image\"><img decoding=\"async\" src=\"https:\/\/www.krakow.szarytki.pl\/wp-content\/uploads\/2019\/03\/DSC_5530.jpg\" alt=\"\" class=\"wp-image-5543\"\/><figcaption>\u015aw. Augustyn<\/figcaption><\/figure>\n\n\n\n<figure class=\"wp-block-image\"><img decoding=\"async\" src=\"https:\/\/www.krakow.szarytki.pl\/wp-content\/uploads\/2019\/03\/DSC_5533-2.jpg\" alt=\"\" class=\"wp-image-5555\"\/><figcaption>\u015aw. Hieronim<\/figcaption><\/figure>\n\n\n\n<figure class=\"wp-block-image\"><img decoding=\"async\" src=\"https:\/\/www.krakow.szarytki.pl\/wp-content\/uploads\/2019\/03\/DSC_5532-2.jpg\" alt=\"\" class=\"wp-image-5556\"\/><figcaption>\u015aw. Grzegorz Wielki<\/figcaption><\/figure>\n\n\n\n<figure class=\"wp-block-image\"><img decoding=\"async\" src=\"https:\/\/www.krakow.szarytki.pl\/wp-content\/uploads\/2019\/03\/DSC_5534-2.jpg\" alt=\"\" class=\"wp-image-5557\"\/><figcaption>\u015aw. Ambro\u017cy<\/figcaption><\/figure>\n","protected":false},"excerpt":{"rendered":"<p>W polach sklepienia prezbiterium wok\u00f3\u0142 poz\u0142oconego zwornika przedstawiono w medalionach czterech Ojc\u00f3w Ko\u015bcio\u0142a: Augustyna, Hieronima, Grzegorza Wielkiego i Ambro\u017cego. Najwy\u017cszy pas dekoracyjny \u015bciany absydy, utworzony z<span class=\"excerpt-hellip\"> [\u2026]<\/span><\/p>\n","protected":false},"author":5,"featured_media":0,"parent":0,"menu_order":0,"comment_status":"closed","ping_status":"closed","template":"","meta":{"footnotes":""},"class_list":["post-5541","page","type-page","status-publish","hentry"],"_links":{"self":[{"href":"https:\/\/www.krakow.szarytki.pl\/index.php?rest_route=\/wp\/v2\/pages\/5541","targetHints":{"allow":["GET"]}}],"collection":[{"href":"https:\/\/www.krakow.szarytki.pl\/index.php?rest_route=\/wp\/v2\/pages"}],"about":[{"href":"https:\/\/www.krakow.szarytki.pl\/index.php?rest_route=\/wp\/v2\/types\/page"}],"author":[{"embeddable":true,"href":"https:\/\/www.krakow.szarytki.pl\/index.php?rest_route=\/wp\/v2\/users\/5"}],"replies":[{"embeddable":true,"href":"https:\/\/www.krakow.szarytki.pl\/index.php?rest_route=%2Fwp%2Fv2%2Fcomments&post=5541"}],"version-history":[{"count":0,"href":"https:\/\/www.krakow.szarytki.pl\/index.php?rest_route=\/wp\/v2\/pages\/5541\/revisions"}],"wp:attachment":[{"href":"https:\/\/www.krakow.szarytki.pl\/index.php?rest_route=%2Fwp%2Fv2%2Fmedia&parent=5541"}],"curies":[{"name":"wp","href":"https:\/\/api.w.org\/{rel}","templated":true}]}}

Polichromia &#8211; Ojcowie Kościoła

<div class="wp-block-media-text alignwide"><figure class="wp-block-media-text__media"><img decoding="async" src="https://www.krakow.szarytki.pl/wp-content/uploads/2019/03/DSC_5518.jpg" alt="" class="wp-image-5542"/></figure><div class="wp-block-media-text__content">
<p><strong>W polach sklepienia prezbiterium </strong>wokół
 pozłoconego zwornika przedstawiono w medalionach czterech Ojców 
Kościoła: Augustyna, Hieronima, Grzegorza Wielkiego i Ambrożego. 
Najwyższy pas dekoracyjny ściany absydy, utworzony z symboli maryjnych, 
wykończono u samej góry fryzem o zgeometryzowanej wici roślinnej. Fryz 
biegnie wzdłuż  tego pasa i przechodzi ponad łukami okien.</p>
</div></div>



<p> <br></p>



<figure class="wp-block-image"><img decoding="async" src="https://www.krakow.szarytki.pl/wp-content/uploads/2019/03/DSC_5530.jpg" alt="" class="wp-image-5543"/><figcaption>Św. Augustyn</figcaption></figure>



<figure class="wp-block-image"><img decoding="async" src="https://www.krakow.szarytki.pl/wp-content/uploads/2019/03/DSC_5533-2.jpg" alt="" class="wp-image-5555"/><figcaption>Św. Hieronim</figcaption></figure>



<figure class="wp-block-image"><img decoding="async" src="https://www.krakow.szarytki.pl/wp-content/uploads/2019/03/DSC_5532-2.jpg" alt="" class="wp-image-5556"/><figcaption>Św. Grzegorz Wielki</figcaption></figure>



<figure class="wp-block-image"><img decoding="async" src="https://www.krakow.szarytki.pl/wp-content/uploads/2019/03/DSC_5534-2.jpg" alt="" class="wp-image-5557"/><figcaption>Św. Ambroży</figcaption></figure>

<p>W polach sklepienia prezbiterium wokół pozłoconego zwornika przedstawiono w medalionach czterech Ojców Kościoła: Augustyna, Hieronima, Grzegorza Wielkiego i Ambrożego. Najwyższy pas dekoracyjny ściany absydy, utworzony z<span class="excerpt-hellip"> […]</span></p>
