{"id":5526,"date":"2019-03-11T17:47:10","date_gmt":"2019-03-11T16:47:10","guid":{"rendered":"http:\/\/www.krakow.szarytki.pl\/?page_id=5526"},"modified":"2019-03-11T17:47:10","modified_gmt":"2019-03-11T16:47:10","slug":"polichromia-kosciola-sceny-figuralne-w-prezbiterium","status":"publish","type":"page","link":"https:\/\/www.krakow.szarytki.pl\/?page_id=5526","title":{"rendered":"Polichromia ko\u015bcio\u0142a &#8211; sceny figuralne w prezbiterium"},"content":{"rendered":"\n<div class=\"wp-block-media-text alignwide\"><figure class=\"wp-block-media-text__media\"><img decoding=\"async\" src=\"https:\/\/www.krakow.szarytki.pl\/wp-content\/uploads\/2019\/03\/Objawienie-Alacoque1.jpg\" alt=\"\" class=\"wp-image-5528\"\/><\/figure><div class=\"wp-block-media-text__content\">\n<p class=\"has-drop-cap\"> <strong>Scena po lewej stronie prezbiterium<\/strong> \/\u015bciana po\u0142udniowa\/ przedstawia <strong><em>Objawienie Serca Jezusa \u015bw. Ma\u0142gorzacie Marii Alacoque<\/em><\/strong>. Jej t\u0142em jest wn\u0119trze budowli sakralnej ukazane symetrycznie za pomoc\u0105 pionowych i poziomych podzia\u0142\u00f3w \u015bcian oraz perspektywicznie wykre\u015blonej posadzki. Dosy\u0107 wyra\u017anym akcentem t\u0142a jest wyr\u00f3\u017cniaj\u0105cy si\u0119 w\u015br\u00f3d podzia\u0142\u00f3w \u015bciany krzy\u017c r\u00f3wnoramienny wpisany w koncentryczne okr\u0119gi. Chrystus objawiaj\u0105cy si\u0119 \u015bw. Ma\u0142gorzacie stoi na ob\u0142oku na tle mandorli. Ubrany jest w czerwon\u0105 szat\u0119 okryt\u0105 z wierzchu niebieskim p\u0142aszczem. Praw\u0105 r\u0119k\u0105 wykonuje gest b\u0142ogos\u0142awie\u0144stwa, w lewej d\u0142oni trzyma promieniuj\u0105ce jasnym blaskiem serce. Twarz Chrystusa jest zwr\u00f3cona ku \u015bwi\u0119tej, kl\u0119cz\u0105cej na posadzce w lewym, dolnym rogu sceny. \u015awi\u0119ta jest ubrana  w czarny habit z szerokimi r\u0119kawami i czarny welon. Pod szyj\u0105 na ramionach ma upi\u0119ty bia\u0142y barbet, a pod nim krzy\u017cyk. Obie postacie odznaczaj\u0105 si\u0119 monumentaln\u0105 form\u0105, szczeg\u00f3lnie sylwetka \u015bwi\u0119tej. Na pierwszym planie po prawej stronie sceny zosta\u0142 ukazany fragment kl\u0119cznika o architekturze roma\u0144skiej, z pulpitem nakrytym turkusow\u0105 narzut\u0105. Na niej le\u017cy otwarta ksi\u0119ga. W kolorystyce obrazu przewa\u017caj\u0105 barwy ch\u0142odne: fiolet, r\u00f3\u017c, b\u0142\u0119kit, turkus z akcentami czerwieni oraz odcieniami szaro\u015bci. Z ca\u0142o\u015bci wybija si\u0119 \u015bwietlista \u017c\u00f3\u0142cie\u0144 mandorli. Przedstawienie cechuje linearyzm i p\u0142aszczyznowo\u015b\u0107.<\/p>\n<\/div><\/div>\n\n\n\n<p> <br><\/p>\n\n\n\n<div class=\"wp-block-media-text alignwide has-media-on-the-right\"><figure class=\"wp-block-media-text__media\"><img decoding=\"async\" src=\"https:\/\/www.krakow.szarytki.pl\/wp-content\/uploads\/2019\/03\/Serce-Jezusa-R-Wincent.jpg\" alt=\"\" class=\"wp-image-5529\"\/><\/figure><div class=\"wp-block-media-text__content\">\n<p class=\"has-drop-cap\"> <strong>Obraz po prawej stronie prezbiterium<\/strong> \/\u015bciana p\u00f3\u0142nocna\/ przedstawia <strong><em>\u015bw. Wincentego a Paulo polecaj\u0105cego Sercu Jezusa zgromadzenia Misjonarzy i Szarytek w Polsce<\/em><\/strong>. Podobnie jak w poprzedniej kompozycji scena zosta\u0142a umiejscowiona w architektonicznym wn\u0119trzu. W centrum g\u00f3rnej cz\u0119\u015bci obrazu przedstawiony jest Chrystus siedz\u0105cy na ob\u0142okach, na tle promienistej aureoli w formie p\u00f3\u0142okr\u0119gu zanurzonego w chmurach. Chrystus jest ubrany w szat\u0119 w kolorze jasnej czerwieni z\u0142amanej b\u0142\u0119kitem, na kolana ma narzucony b\u0142\u0119kitny p\u0142aszcz, praw\u0105 r\u0119k\u0119 unosi w ge\u015bcie b\u0142ogos\u0142awie\u0144stwa, a lew\u0105 wyci\u0105ga w stron\u0119 kl\u0119cz\u0105cych poni\u017cej postaci podzielonych na dwie grupy. Z prawej strony zosta\u0142 przedstawiony kl\u0119cz\u0105cy \u015bw. Wincenty w bia\u0142ej, z\u0142amanej ugrami szacie, wraz z trzema Misjonarzami ubranymi w habity o odcieniu b\u0142\u0119kitu i szaro\u015bci. Jeden z duchownych, na pierwszym planie, ukazany zosta\u0142 z profilu w pozycji kl\u0119cz\u0105cej, ale malarz nie przedstawi\u0142 ca\u0142ej jego sylwetki. Cz\u0119\u015b\u0107 plec\u00f3w zosta\u0142a obci\u0119ta ram\u0105 kompozycji. Tu\u017c za \u015bw. Wincentym stoi drugi duchowny trzymaj\u0105c w d\u0142oni bia\u0142y zw\u00f3j papieru. Obecno\u015b\u0107 trzeciego m\u0119\u017cczyzny z tej grupy zosta\u0142a tylko zasygnalizowana ocienion\u0105 sylwetk\u0105 na dalszym planie. Druga grupa os\u00f3b przedstawionych na obrazie to kl\u0119cz\u0105ce w lewym dolnym rogu Szarytki. Sylwetki dw\u00f3ch si\u00f3str widoczne s\u0105 z ty\u0142u w pozie kl\u0119cz\u0105cej przed objawiaj\u0105cym si\u0119 Chrystusem. Ta strona obrazu zosta\u0142a potraktowana podobnie jak poprzednia. Tu r\u00f3wnie\u017c rama kompozycji obcina jedn\u0105 z postaci, a na dalszym planie widzimy tylko trzy twarze pozosta\u0142ych si\u00f3str wygl\u0105daj\u0105ce zza os\u00f3b na pierwszym planie. Siostry Szarytki s\u0105 ubrane w granatowe habity, na g\u0142owach maj\u0105 za\u0142o\u017cone bia\u0142e kornety. G\u0142owa Chrystusa i \u015bw. Wincentego otoczone s\u0105 z\u0142otym nimbem. W tej scenie, podobnie jak w poprzedniej, przewa\u017ca monumentalna forma postaci i linearyzm, obraz jest utrzymany w podobnej kolorystyce.<\/p>\n<\/div><\/div>\n","protected":false},"excerpt":{"rendered":"<p>Scena po lewej stronie prezbiterium \/\u015bciana po\u0142udniowa\/ przedstawia Objawienie Serca Jezusa \u015bw. Ma\u0142gorzacie Marii Alacoque. Jej t\u0142em jest wn\u0119trze budowli sakralnej ukazane symetrycznie za pomoc\u0105 pionowych<span class=\"excerpt-hellip\"> [\u2026]<\/span><\/p>\n","protected":false},"author":5,"featured_media":0,"parent":0,"menu_order":0,"comment_status":"closed","ping_status":"closed","template":"","meta":{"footnotes":""},"class_list":["post-5526","page","type-page","status-publish","hentry"],"_links":{"self":[{"href":"https:\/\/www.krakow.szarytki.pl\/index.php?rest_route=\/wp\/v2\/pages\/5526","targetHints":{"allow":["GET"]}}],"collection":[{"href":"https:\/\/www.krakow.szarytki.pl\/index.php?rest_route=\/wp\/v2\/pages"}],"about":[{"href":"https:\/\/www.krakow.szarytki.pl\/index.php?rest_route=\/wp\/v2\/types\/page"}],"author":[{"embeddable":true,"href":"https:\/\/www.krakow.szarytki.pl\/index.php?rest_route=\/wp\/v2\/users\/5"}],"replies":[{"embeddable":true,"href":"https:\/\/www.krakow.szarytki.pl\/index.php?rest_route=%2Fwp%2Fv2%2Fcomments&post=5526"}],"version-history":[{"count":0,"href":"https:\/\/www.krakow.szarytki.pl\/index.php?rest_route=\/wp\/v2\/pages\/5526\/revisions"}],"wp:attachment":[{"href":"https:\/\/www.krakow.szarytki.pl\/index.php?rest_route=%2Fwp%2Fv2%2Fmedia&parent=5526"}],"curies":[{"name":"wp","href":"https:\/\/api.w.org\/{rel}","templated":true}]}}

Polichromia kościoła &#8211; sceny figuralne w prezbiterium

<div class="wp-block-media-text alignwide"><figure class="wp-block-media-text__media"><img decoding="async" src="https://www.krakow.szarytki.pl/wp-content/uploads/2019/03/Objawienie-Alacoque1.jpg" alt="" class="wp-image-5528"/></figure><div class="wp-block-media-text__content">
<p class="has-drop-cap"> <strong>Scena po lewej stronie prezbiterium</strong> /ściana południowa/ przedstawia <strong><em>Objawienie Serca Jezusa św. Małgorzacie Marii Alacoque</em></strong>. Jej tłem jest wnętrze budowli sakralnej ukazane symetrycznie za pomocą pionowych i poziomych podziałów ścian oraz perspektywicznie wykreślonej posadzki. Dosyć wyraźnym akcentem tła jest wyróżniający się wśród podziałów ściany krzyż równoramienny wpisany w koncentryczne okręgi. Chrystus objawiający się św. Małgorzacie stoi na obłoku na tle mandorli. Ubrany jest w czerwoną szatę okrytą z wierzchu niebieskim płaszczem. Prawą ręką wykonuje gest błogosławieństwa, w lewej dłoni trzyma promieniujące jasnym blaskiem serce. Twarz Chrystusa jest zwrócona ku świętej, klęczącej na posadzce w lewym, dolnym rogu sceny. Święta jest ubrana  w czarny habit z szerokimi rękawami i czarny welon. Pod szyją na ramionach ma upięty biały barbet, a pod nim krzyżyk. Obie postacie odznaczają się monumentalną formą, szczególnie sylwetka świętej. Na pierwszym planie po prawej stronie sceny został ukazany fragment klęcznika o architekturze romańskiej, z pulpitem nakrytym turkusową narzutą. Na niej leży otwarta księga. W kolorystyce obrazu przeważają barwy chłodne: fiolet, róż, błękit, turkus z akcentami czerwieni oraz odcieniami szarości. Z całości wybija się świetlista żółcień mandorli. Przedstawienie cechuje linearyzm i płaszczyznowość.</p>
</div></div>



<p> <br></p>



<div class="wp-block-media-text alignwide has-media-on-the-right"><figure class="wp-block-media-text__media"><img decoding="async" src="https://www.krakow.szarytki.pl/wp-content/uploads/2019/03/Serce-Jezusa-R-Wincent.jpg" alt="" class="wp-image-5529"/></figure><div class="wp-block-media-text__content">
<p class="has-drop-cap"> <strong>Obraz po prawej stronie prezbiterium</strong> /ściana północna/ przedstawia <strong><em>św. Wincentego a Paulo polecającego Sercu Jezusa zgromadzenia Misjonarzy i Szarytek w Polsce</em></strong>. Podobnie jak w poprzedniej kompozycji scena została umiejscowiona w architektonicznym wnętrzu. W centrum górnej części obrazu przedstawiony jest Chrystus siedzący na obłokach, na tle promienistej aureoli w formie półokręgu zanurzonego w chmurach. Chrystus jest ubrany w szatę w kolorze jasnej czerwieni złamanej błękitem, na kolana ma narzucony błękitny płaszcz, prawą rękę unosi w geście błogosławieństwa, a lewą wyciąga w stronę klęczących poniżej postaci podzielonych na dwie grupy. Z prawej strony został przedstawiony klęczący św. Wincenty w białej, złamanej ugrami szacie, wraz z trzema Misjonarzami ubranymi w habity o odcieniu błękitu i szarości. Jeden z duchownych, na pierwszym planie, ukazany został z profilu w pozycji klęczącej, ale malarz nie przedstawił całej jego sylwetki. Część pleców została obcięta ramą kompozycji. Tuż za św. Wincentym stoi drugi duchowny trzymając w dłoni biały zwój papieru. Obecność trzeciego mężczyzny z tej grupy została tylko zasygnalizowana ocienioną sylwetką na dalszym planie. Druga grupa osób przedstawionych na obrazie to klęczące w lewym dolnym rogu Szarytki. Sylwetki dwóch sióstr widoczne są z tyłu w pozie klęczącej przed objawiającym się Chrystusem. Ta strona obrazu została potraktowana podobnie jak poprzednia. Tu również rama kompozycji obcina jedną z postaci, a na dalszym planie widzimy tylko trzy twarze pozostałych sióstr wyglądające zza osób na pierwszym planie. Siostry Szarytki są ubrane w granatowe habity, na głowach mają założone białe kornety. Głowa Chrystusa i św. Wincentego otoczone są złotym nimbem. W tej scenie, podobnie jak w poprzedniej, przeważa monumentalna forma postaci i linearyzm, obraz jest utrzymany w podobnej kolorystyce.</p>
</div></div>

<p>Scena po lewej stronie prezbiterium /ściana południowa/ przedstawia Objawienie Serca Jezusa św. Małgorzacie Marii Alacoque. Jej tłem jest wnętrze budowli sakralnej ukazane symetrycznie za pomocą pionowych<span class="excerpt-hellip"> […]</span></p>
