{"id":5499,"date":"2019-03-08T21:21:43","date_gmt":"2019-03-08T20:21:43","guid":{"rendered":"http:\/\/www.krakow.szarytki.pl\/?page_id=5499"},"modified":"2019-03-08T21:21:43","modified_gmt":"2019-03-08T20:21:43","slug":"kronika-17-czerwca-1875-r","status":"publish","type":"page","link":"https:\/\/www.krakow.szarytki.pl\/?page_id=5499","title":{"rendered":"\u201eKronika\u201d\u00a0 17 czerwca 1875 r."},"content":{"rendered":"<blockquote><p>\u201eW dniu wczorajszym miasto nasze ju\u017c od po\u0142udnia zacz\u0119\u0142o przybiera\u0107 \u015bwi\u0105teczn\u0105 posta\u0107; te liczne gromadki w\u0142o\u015bcian okolicznych, te t\u0142umy pobo\u017cnych mieszczan, zape\u0142niaj\u0105ce pusty zwykle Kleparz, domy przystrojone dywanami i flagami, magazyny i sklepy pozamykane, wszystko to \u015bwiadczy\u0142o o niezwyk\u0142ej uroczysto\u015bci ko\u015bcielnej, wobec kt\u00f3rej nikn\u0105 wszelkie r\u00f3\u017cnice stanu, a ludzie \u0142\u0105cz\u0105 si\u0119 w jedn\u0105 rodzin\u0119, jako dzieci jednego przedwiecznego Ojca. Uroczysto\u015bci\u0105 t\u0105 by\u0142 solennie obchodzony w ko\u015bciele przy klasztorze Si\u00f3str Mi\u0142osierdzia odpust N. Serca Jezusa Chrystusa. (\u2026) wraz z rozpocz\u0119ciem nieszpor\u00f3w, ze wszystkich parafji krakowskich zacz\u0119to pod\u0105\u017ca\u0107 do obs\u0142ugi Bo\u017cej. Bractwa z o\u0142tarzami i obrazami \u015bwi\u0119tych, poczciwi pracownicy r\u00f3\u017cnych rzemios\u0142 z chor\u0105gwiami cechowemi, powa\u017cne damy z wy\u017cszych sfer towarzystwa, obok niewiast z pracy r\u0105k si\u0119 utrzymuj\u0105cych, (\u2026) duchowie\u0144stwo \u015bwieckie w mszalnych ubiorach, z kilkunastotysi\u0119cznym wreszcie t\u0142umem wiernego ludu, stanowi\u0142y \u0142\u0105czne ogniwa procesjonalnego obchodu. Procesja rozpocz\u0119\u0142a si\u0119 o godzinie pi\u0105tej, jakie za\u015b przybra\u0142a rozmiary, wspomnimy tylko, \u017ce na przebycie drogi od klasztoru na Kleparzu, przez ulic\u0119 Florja\u0144sk\u0105, do o\u0142tarza urz\u0105dzonego w Rynku, potrzeba by\u0142o ca\u0142ej godziny czasu; pocz\u0105tek za\u015b orszaku by\u0142 ju\u017c w Rynku, kiedy celebruj\u0105cy wychodzi\u0142 zaledwie z ko\u015bcio\u0142a. Celebruj\u0105cym by\u0142 ks. kanonik Wilczek. (\u2026) Ks. Goljan, administrator parafji p. Marji, z galerji otaczaj\u0105cej o\u0142tarz odczyta\u0142 Akt konsekracji na t\u0119 uroczysto\u015b\u0107, zatwierdzony dekretem \u015b. Kongregacji obrz\u0119d\u00f3w dnia 22 kwietnia r. b. Po uko\u0144czeniu ceremonji poch\u00f3d wr\u00f3ci\u0142 ulic\u0105 S\u0142awkowsk\u0105 i Biskupi\u0105 do klasztoru pp. Wizytek. (\u2026)<\/p>\n<p>Ko\u0144cz\u0105c ten pobie\u017cny opis, nie mo\u017cemy zamilcze\u0107, \u017ce ca\u0142a uroczysto\u015b\u0107 z prawdziwym artyzmem i poczuciem pi\u0119kna urz\u0105dzon\u0105 zosta\u0142a staraniem i kosztem p. Talbot, prze\u0142o\u017conej klasztoru Si\u00f3str Mi\u0142osierdzia na Kleparzu\u201d.<\/p><\/blockquote>\n","protected":false},"excerpt":{"rendered":"<p>\u201eW dniu wczorajszym miasto nasze ju\u017c od po\u0142udnia zacz\u0119\u0142o przybiera\u0107 \u015bwi\u0105teczn\u0105 posta\u0107; te liczne gromadki w\u0142o\u015bcian okolicznych, te t\u0142umy pobo\u017cnych mieszczan, zape\u0142niaj\u0105ce pusty zwykle Kleparz, domy<span class=\"excerpt-hellip\"> [\u2026]<\/span><\/p>\n","protected":false},"author":5,"featured_media":0,"parent":0,"menu_order":0,"comment_status":"closed","ping_status":"closed","template":"","meta":{"footnotes":""},"class_list":["post-5499","page","type-page","status-publish","hentry"],"_links":{"self":[{"href":"https:\/\/www.krakow.szarytki.pl\/index.php?rest_route=\/wp\/v2\/pages\/5499","targetHints":{"allow":["GET"]}}],"collection":[{"href":"https:\/\/www.krakow.szarytki.pl\/index.php?rest_route=\/wp\/v2\/pages"}],"about":[{"href":"https:\/\/www.krakow.szarytki.pl\/index.php?rest_route=\/wp\/v2\/types\/page"}],"author":[{"embeddable":true,"href":"https:\/\/www.krakow.szarytki.pl\/index.php?rest_route=\/wp\/v2\/users\/5"}],"replies":[{"embeddable":true,"href":"https:\/\/www.krakow.szarytki.pl\/index.php?rest_route=%2Fwp%2Fv2%2Fcomments&post=5499"}],"version-history":[{"count":0,"href":"https:\/\/www.krakow.szarytki.pl\/index.php?rest_route=\/wp\/v2\/pages\/5499\/revisions"}],"wp:attachment":[{"href":"https:\/\/www.krakow.szarytki.pl\/index.php?rest_route=%2Fwp%2Fv2%2Fmedia&parent=5499"}],"curies":[{"name":"wp","href":"https:\/\/api.w.org\/{rel}","templated":true}]}}

<blockquote><p>„W dniu wczorajszym miasto nasze już od południa zaczęło przybierać świąteczną postać; te liczne gromadki włościan okolicznych, te tłumy pobożnych mieszczan, zapełniające pusty zwykle Kleparz, domy przystrojone dywanami i flagami, magazyny i sklepy pozamykane, wszystko to świadczyło o niezwykłej uroczystości kościelnej, wobec której nikną wszelkie różnice stanu, a ludzie łączą się w jedną rodzinę, jako dzieci jednego przedwiecznego Ojca. Uroczystością tą był solennie obchodzony w kościele przy klasztorze Sióstr Miłosierdzia odpust N. Serca Jezusa Chrystusa. (…) wraz z rozpoczęciem nieszporów, ze wszystkich parafji krakowskich zaczęto podążać do obsługi Bożej. Bractwa z ołtarzami i obrazami świętych, poczciwi pracownicy różnych rzemiosł z chorągwiami cechowemi, poważne damy z wyższych sfer towarzystwa, obok niewiast z pracy rąk się utrzymujących, (…) duchowieństwo świeckie w mszalnych ubiorach, z kilkunastotysięcznym wreszcie tłumem wiernego ludu, stanowiły łączne ogniwa procesjonalnego obchodu. Procesja rozpoczęła się o godzinie piątej, jakie zaś przybrała rozmiary, wspomnimy tylko, że na przebycie drogi od klasztoru na Kleparzu, przez ulicę Florjańską, do ołtarza urządzonego w Rynku, potrzeba było całej godziny czasu; początek zaś orszaku był już w Rynku, kiedy celebrujący wychodził zaledwie z kościoła. Celebrującym był ks. kanonik Wilczek. (…) Ks. Goljan, administrator parafji p. Marji, z galerji otaczającej ołtarz odczytał Akt konsekracji na tę uroczystość, zatwierdzony dekretem ś. Kongregacji obrzędów dnia 22 kwietnia r. b. Po ukończeniu ceremonji pochód wrócił ulicą Sławkowską i Biskupią do klasztoru pp. Wizytek. (…)</p>
<p>Kończąc ten pobieżny opis, nie możemy zamilczeć, że cała uroczystość z prawdziwym artyzmem i poczuciem piękna urządzoną została staraniem i kosztem p. Talbot, przełożonej klasztoru Sióstr Miłosierdzia na Kleparzu”.</p></blockquote>

<p>„W dniu wczorajszym miasto nasze już od południa zaczęło przybierać świąteczną postać; te liczne gromadki włościan okolicznych, te tłumy pobożnych mieszczan, zapełniające pusty zwykle Kleparz, domy<span class="excerpt-hellip"> […]</span></p>
